6*z - z - 70. What is the units digit of z?
4
Suppose -n + 19 = -24. Let i = n - -12. Suppose 4*b - f + 18 = i, b = -2*f + 7. What is the units digit of b?
9
Let l(i) = -3*i**3 - 3*i**2 - 4*i - 1. What is the tens digit of l(-3)?
6
Let u(m) = -14*m + 5. Let y be u(5). Let q = -38 - y. What is the units digit of q?
7
Suppose 5*t - 3*k = 13, 3*k = 3*t - 2*t - 5. What is the tens digit of -2 - 5*-2*t?
1
Let p = 81 - -132. What is the hundreds digit of p?
2
Suppose -11*l - l = -444. What is the units digit of l?
7
Let a(m) = m**3 - 9*m**2 + 7*m + 3. Let c be a(8). Let p(l) = -l**3 - 4*l**2 + 3*l + 5. Let f be p(c). Let w = f + 0. What is the tens digit of w?
1
What is the tens digit of 35 - (-3 + 2 + 0)?
3
Let m = 320 - 218. What is the tens digit of m?
0
What is the units digit of 6/(-6) - 9/(-1)?
8
Suppose -4*l - 2 = -2*x, -4*x = 3*l - 0*x - 4. Let f = 7 + l. Let a = 14 - f. What is the units digit of a?
7
Let z(a) be the third derivative of -a**6/120 + a**5/10 - a**4/8 - a**3/6 - 2*a**2. What is the units digit of z(5)?
9
Let r be (-7 - -4)/(-1 + 0). Let y be (-2)/(0 + -2) + 11. Suppose -h = -r*n - 3*h + y, -2*n = h - 9. What is the units digit of n?
6
Let d be (-2)/4 - 25/(-10). Suppose 0 = d*w + w - 60. What is the tens digit of w?
2
Let j(b) = -b**2 + 8*b - 2. What is the units digit of j(3)?
3
Let k(b) = -4*b**2 - 3*b + 1. Let w(s) = -11*s**2 - 8*s + 4. Let t(p) = 8*k(p) - 3*w(p). What is the tens digit of t(4)?
1
What is the units digit of 2 - (2 - 0 - 4)?
4
Let i(z) be the second derivative of -z**4/12 - 11*z**3/6 - 5*z**2 + 7*z. What is the units digit of i(-8)?
4
Suppose -11*w + 6*w - 2*d = -168, w + d = 33. What is the tens digit of w?
3
Suppose -5*z = -4*z - 4. Suppose -2*a = i - 52, z*a + 71 = 3*i - 75. What is the tens digit of i?
5
Suppose 2*u + 2 = 3*u. Let s(f) = f**3 - 2*f**2 + 2*f - 1. Let g be s(1). Suppose g = u*j + 2, -3*j = -5*o - 2*j + 6. What is the units digit of o?
1
Suppose 5*j - 248 - 707 = 0. Suppose -3*x + x = 5*n - j, -33 = -n - 3*x. What is the units digit of n?
9
Let t = 179 + -4. What is the hundreds digit of t?
1
Suppose -149 = -5*d + 46. What is the tens digit of d?
3
Let q = 15 - 11. Suppose l + q*l = 0. Let v(j) = -j**2 + 13. What is the tens digit of v(l)?
1
Suppose 0 = 6*x - 40 - 80. What is the units digit of x?
0
Let r(p) = -14*p**2 + 1. Let x be r(1). Let s = x - -21. What is the units digit of s?
8
Let j(v) be the first derivative of v**2/2 - 16. Let r(u) = -3*u. Let t be r(-2). What is the units digit of j(t)?
6
Let q be -10 + (5 - (3 - 1)). Let x = q + 12. What is the units digit of x?
5
Let u = 291 - -20. What is the units digit of u?
1
Let h be 5*(-1)/(1 + -2). Suppose 5*f + 3*r - 134 = -r, -4*f + 140 = -h*r. What is the tens digit of f?
3
What is the units digit of (-26)/(-8) + (-6)/(-8)?
4
Let b = -5 - -8. Suppose -106 + 22 = -b*c. What is the tens digit of c?
2
Suppose 5*v - 12 = v. Suppose -2*u + 0*u - 32 = -4*a, v*u = -4*a + 52. What is the units digit of a?
0
Let q = -3 + 8. Suppose q*c + 138 = 8*c. What is the tens digit of c?
4
Suppose -2*h + 5*v + 32 = -0*h, 0 = -5*v - 20. What is the units digit of h?
6
Let w = 10 + 11. What is the tens digit of w?
2
Suppose -3*r - 46 = -829. What is the hundreds digit of r?
2
Let t be 16/2 - (-36)/12. Suppose -d + 8 = 3*q, q = 3*q - 2*d. Suppose 2*y - 10 = -y + u, 5*u + t = q*y. What is the units digit of y?
3
Let t(n) = -4*n + 0*n + 3*n. What is the tens digit of t(-10)?
1
Let x(m) = m**2 - 9*m - 16. Let a = -20 + 34. What is the tens digit of x(a)?
5
Let o(a) = -a**2 - 3*a + 7*a**3 + 0*a**2 + a - 7*a + 12. Let d(u) = u**3 + u**2. Let w(r) = -6*d(r) + o(r). What is the units digit of w(8)?
4
Let n be (3 + -3)/(1/1). Let l = -6 - -14. Let y = l + n. What is the units digit of y?
8
Let z(h) = 4*h**2 + h + 4. Let j(v) = v - 2. Let o be j(5). What is the tens digit of z(o)?
4
Suppose -5*i + 4*i = -3. Suppose 0*c = i*c - 69. What is the units digit of c?
3
Let t be 3/2*2*-1. Let l = -1 + -7. Let z = t - l. What is the units digit of z?
5
Suppose -2 - 6 = -2*q. Suppose 0 = -4*f, f = 3*a + q*f - 36. What is the tens digit of a?
1
Let z = 22 + -16. What is the tens digit of (z/4)/((-6)/(-40))?
1
Let f = 6 - -8. Let u = f - 2. What is the units digit of u?
2
What is the tens digit of 62*3/6*1?
3
Suppose 7*w + 58 - 16 = 0. Let y(d) = d**3 + 7*d**2 - 3*d - 5. What is the tens digit of y(w)?
4
What is the units digit of (-1 + 2)*34 + (6 - 4)?
6
Suppose 5*j - 5*r = -2*r + 60, 4*j = 4*r + 40. Let n(o) = -2*o - 8. Let m be n(-6). Suppose -m*i + b = -13, 2*b = -3*b + j. What is the units digit of i?
4
Let z = 141 - 98. What is the tens digit of z?
4
Let b be (-4)/(-10)*(-20)/(-8). What is the tens digit of 26 - (2/b)/(-2)?
2
Let i(t) = -5*t - 5. Let v be i(-4). Suppose -3 = -s + m, 3*m + v = -2*m. Suppose s = -0*h - 2*h + 24. What is the units digit of h?
2
Suppose -4*o - 25 + 89 = 0. Suppose -3 = -j + o. Suppose 4*x + j - 59 = 0. What is the units digit of x?
0
Suppose -b + 2 = 3*h + b, 3*h = 4*b + 14. Suppose 0 = -y + h + 2. Suppose 5*a - 8 = -y*z, 3*a - 1 = -2*z + 5. What is the units digit of a?
4
Let m(d) = -7*d**2 + d**3 + 2 - 3*d + 0 + 4*d**2. What is the units digit of m(4)?
6
Let u(r) = -8*r - 64. What is the units digit of u(-11)?
4
Let c = 3 + -10. What is the units digit of 468/63 + 3/c?
7
Suppose -4*s + 13 = 1. Suppose s*i = 3*a + 39, -4*i + a + 0*a + 58 = 0. What is the units digit of i?
5
Suppose 31 + 21 = 2*n. What is the tens digit of n?
2
Suppose -2*y = 2*y - 16. Suppose 3*g + 2*w - 8 = 0, 4*w + y = 2*w. Let x = g - 2. What is the units digit of x?
2
What is the units digit of (-1348)/(-14) + (-6)/21?
6
Let d = -1 + -5. Let j(z) = z**2 + 6*z. Let k be j(d). Suppose -5*q + 15 = -k*q. What is the units digit of q?
3
Let q = 2 - 2. Suppose 0 = 5*g - 2*a - 2, q = -0*g - 2*g - a - 1. What is the units digit of (g + -1)/((-2)/14)?
7
Suppose 0 = -y - 5*i + 27, 3*i - 14 = 3*y - 167. Suppose -3*x + y + 46 = 0. What is the tens digit of x?
3
Let x be ((-6)/(-7))/(1/(-7)). Let s(d) = -d - 3. Let p be s(x). What is the units digit of p/(-24)*2*-4?
1
Let q = -1 + 4. Suppose 2*g = -q*g + 25. What is the units digit of g?
5
Let g = -16 + 52. What is the units digit of g?
6
Suppose -2*j - 40 = -2*z, -4*j - 26 = 4*z - 5*z. What is the units digit of z?
8
Suppose 10 = v - 3*v. Let b = v - -4. Let u = 4 - b. What is the units digit of u?
5
Let w(k) = k**3 - 5*k**2 + k - 7. Let p be w(5). Let x(f) = f**2 + 12*f. Let v be x(-12). Let g = v - p. What is the units digit of g?
2
Let a be 9/6 + (-66)/(-4). Suppose 4*f = 3*f + a. What is the tens digit of f?
1
Suppose 4*f - o + 12 = 165, 3*f + 4*o = 110. What is the units digit of f?
8
Let n(v) = v**3 + v + 25. What is the tens digit of n(0)?
2
Let j = -12 - -118. Suppose -2*u - x = u - 79, x - j = -4*u. What is the tens digit of u?
2
Let a = -3 - -5. Let z = a + -1. What is the units digit of -1 - -3 - (-11)/z?
3
Let p = -44 - -56. What is the tens digit of p?
1
Suppose 4 = j - 3*j. Let l = j - -8. Suppose 2*i - l = -0*i. What is the units digit of i?
3
Let p(z) = -z**2 + 5*z + 4. Let i be p(5). Suppose i = 5*x - 6. Suppose 2*f - 40 = -x*f. What is the tens digit of f?
1
Let l(o) = 3*o - 2. What is the units digit of l(2)?
4
Let u = 1 - -2. Let s(k) = -k**3 + 5*k**2 - 5*k + 4. Let p be s(3). Let b = p + u. What is the tens digit of b?
1
Let u(k) = k + 1. Suppose 6*s = s + 15. Suppose s*p = -p + 4. What is the units digit of u(p)?
2
Let x(a) = -2*a - 4. Suppose 8*d + 17 = 3*d + q, -4*d - 18 = -3*q. Let m be x(d). Let c(k) = 4*k. What is the units digit of c(m)?
8
Let x = -43 + 65. What is the units digit of x?
2
What is the units digit of (15/3)/(1 - 0)?
5
Suppose 3*y - 4*u + 39 = 88, -3*y - 4*u + 89 = 0. Let j = y - 10. What is the tens digit of j?
1
Suppose -2*w = 3*w + 90. Suppose 4 = 3*t - 5*t. What is the units digit of 3/w*t*3?
1
Suppose -5*c + 4*c - 8 = 0. Let k be (-10)/c*4/1. Suppose -t - 4 = -k*t. What is the units digit of t?
1
What is the units digit of ((-112)/(-6))/(6/18)?
6
Suppose 0 = -0*h + 2*h - 2. Let t = h + 7. What is the units digit of t?
8
Suppose -5*q + 3 = -17. Let c be q/16 + 39/4. What is the units digit of c/4 + 3/(-6)?
2
Suppose 2*a = i - 6*i - 2, 5*a + 5*i - 10 = 0. Suppose -a = -4*c + 4. Wha